 87?
85
Calculate the remainder when 211131 is divided by 70186.
573
Calculate the remainder when 9942052 is divided by 1489.
1488
Calculate the remainder when 73286 is divided by 86.
14
What is the remainder when 1279178 is divided by 38762?
32
What is the remainder when 37111241 is divided by 5104?
57
What is the remainder when 1239077 is divided by 2005?
1992
Calculate the remainder when 2457509 is divided by 1182.
131
What is the remainder when 9855412 is divided by 734?
728
Calculate the remainder when 14821 is divided by 11757.
3064
Calculate the remainder when 2019119 is divided by 1614.
5
Calculate the remainder when 3151592 is divided by 155.
132
What is the remainder when 1270760 is divided by 423564?
68
Calculate the remainder when 949144 is divided by 1263.
631
Calculate the remainder when 18548222 is divided by 6622.
0
What is the remainder when 16897 is divided by 8357?
183
What is the remainder when 17765947 is divided by 3264?
3259
What is the remainder when 891715 is divided by 34?
31
Calculate the remainder when 300057 is divided by 8824.
41
What is the remainder when 12416684 is divided by 1153?
27
What is the remainder when 43522 is divided by 21719?
84
Calculate the remainder when 505646 is divided by 1457.
67
Calculate the remainder when 1523674 is divided by 290.
14
What is the remainder when 1630819 is divided by 12449?
0
What is the remainder when 3134985 is divided by 284995?
40
What is the remainder when 284057 is divided by 696?
89
What is the remainder when 25008831 is divided by 12152?
15
What is the remainder when 3707415 is divided by 553?
103
Calculate the remainder when 199348 is divided by 1764.
16
Calculate the remainder when 222485 is divided by 15888.
53
Calculate the remainder when 36714 is divided by 3663.
84
What is the remainder when 337280 is divided by 701?
99
What is the remainder when 59747 is divided by 7467?
11
Calculate the remainder when 1255197562 is divided by 1116.
1114
Calculate the remainder when 1304208 is divided by 522.
252
Calculate the remainder when 185404 is divided by 6177.
94
Calculate the remainder when 50819049 is divided by 580.
29
Calculate the remainder when 3629172 is divided by 232.
228
What is the remainder when 26181019 is divided by 429?
7
What is the remainder when 136637 is divided by 7539?
935
Calculate the remainder when 4591571 is divided by 86.
31
Calculate the remainder when 227431 is divided by 12635.
1
What is the remainder when 291199 is divided by 36398?
15
Calculate the remainder when 112970581 is divided by 65.
61
What is the remainder when 287857 is divided by 280?
17
Calculate the remainder when 83691 is divided by 20802.
483
Calculate the remainder when 79829546 is divided by 329.
328
Calculate the remainder when 2783912 is divided by 14060.
32
What is the remainder when 107276965 is divided by 63?
61
Calculate the remainder when 177281467 is divided by 194.
193
Calculate the remainder when 92181287 is divided by 687920.
7
Calculate the remainder when 50378 is divided by 138.
8
Calculate the remainder when 1192479 is divided by 4887.
51
What is the remainder when 609787 is divided by 171?
1
What is the remainder when 193541 is divided by 8414?
19
What is the remainder when 3510981 is divided by 23?
8
Calculate the remainder when 134274490 is divided by 710.
0
Calculate the remainder when 335041 is divided by 166365.
2311
Calculate the remainder when 2780397 is divided by 688.
189
Calculate the remainder when 1642029 is divided by 55.
4
What is the remainder when 10991359 is divided by 27?
10
What is the remainder when 3717709 is divided by 188?
9
Calculate the remainder when 143364 is divided by 315.
39
What is the remainder when 460867 is divided by 92139?
172
What is the remainder when 2918154 is divided by 2916573?
1581
What is the remainder when 82992 is divided by 27172?
1476
What is the remainder when 1816800 is divided by 62642?
182
Calculate the remainder when 173129 is divided by 85050.
3029
What is the remainder when 2543961 is divided by 767?
589
What is the remainder when 316824 is divided by 171?
132
Calculate the remainder when 2639624 is divided by 4808.
32
What is the remainder when 14435039 is divided by 4811638?
125
Calculate the remainder when 84781432 is divided by 359.
351
What is the remainder when 3691 is divided by 606?
55
Calculate the remainder when 563388 is divided by 116.
92
Calculate the remainder when 2277125 is divided by 451.
26
Calculate the remainder when 758603 is divided by 462.
461
What is the remainder when 102461 is divided by 50888?
685
What is the remainder when 841754 is divided by 563?
69
What is the remainder when 6220281 is divided by 1868?
1709
What is the remainder when 135312 is divided by 17?
9
What is the remainder when 216660 is divided by 903?
843
Calculate the remainder when 929040 is divided by 309119.
1683
What is the remainder when 11452525 is divided by 551?
541
Calculate the remainder when 938089 is divided by 234514.
33
What is the remainder when 42609893 is divided by 5528?
69
What is the remainder when 12042468 is divided by 273692?
20
Calculate the remainder when 8693578 is divided by 83592.
10
Calculate the remainder when 359621 is divided by 178907.
1807
Calculate the remainder when 427135 is divided by 427135.
0
Calculate the remainder when 71889 is divided by 6327.
2292
Calculate the remainder when 2497562 is divided by 170.
92
Calculate the remainder when 1878493 is divided by 72247.
71
Calculate the remainder when 620945 is divided by 47765.
0
Calculate the remainder when 186546429 is divided by 31.
23
Calculate the remainder when 82502661 is divided by 4681.
36
Calculate the remainder when 31955003 is divided by 1201.
1197
What is the remainder when 10997631 is divided by 68?
59
What is the remainder when 320021118 is divided by 160?
158
Calculate the remainder when 139012 is divided by 7459.
4750
Calculate the remainder when 22065779 is divided by 1036.
15
Calculate the remainder when 158713 is divided by 2343.
1732
What is the remainder when 7582953 is divided by 758292?
33
Calculate the remainder when 9084 is divided by 986.
210
What is the remainder when 8065039 is divided by 1344156?
103
Calculate the remainder when 871104 is divided by 871089.
15
What is the remainder when 34986270 is divided by 11662079?
33
What is the remainder when 76559 is divided by 38261?
37
Calculate the remainder when 449820 is divided by 4014.
252
Calculate the remainder when 191429417 is divided by 455.
452
Calculate the remainder when 25521451 is divided by 833.
830
What is the remainder when 59354663 is divided by 8?
7
Calculate the remainder when 108042 is divided by 2347.
80
Calculate the remainder when 803887 is divided by 545.
12
What is the remainder when 796424998 is divided by 1640?
1638
What is the remainder when 73905 is divided by 998?
53
What is the remainder when 58556 is divided by 1674?
1640
Calculate the remainder when 222130899 is divided by 717.
714
Calculate the remainder when 107416 is divided by 53317.
782
What is the remainder when 98256 is divided by 97934?
322
Calculate the remainder when 254375 is divided by 1291.
48
Calculate the remainder when 86705 is divided by 4814.
53
What is the remainder when 73711058 is divided by 73711052?
6
What is the remainder when 54364 is divided by 2679?
784
Calculate the remainder when 22042349 is divided by 45.
44
What is the remainder when 8040781 is divided by 32954?
5
What is the remainder when 195087 is divided by 1456?
1439
What is the remainder when 522958 is divided by 174296?
70
Calculate the remainder when 8354289 is divided by 230.
229
What is the remainder when 233115 is divided by 4491?
4074
What is the remainder when 154943 is divided by 2277?
107
What is the remainder when 2472930 is divided by 1809?
27
Calculate the remainder when 898153 is divided by 3.
1
What is the remainder when 17237250 is divided by 5745721?
87
Calculate the remainder when 7960679 is divided by 1196.
103
What is the remainder when 3683166 is divided by 1227654?
204
What is the remainder when 21354 is divided by 4268?
14
Calculate the remainder when 168445059 is divided by 70.
69
Calculate the remainder when 799847 is divided by 32.
7
Calculate the rema